visor of 30 and g.
10
Suppose u + 9*z = 5*z + 157, 2*z = -6. What is the highest common factor of u and 13?
13
Let t = 25 + 46. Suppose -5*q + 449 + t = 0. What is the greatest common divisor of 13 and q?
13
Let c be -4 + -1*(2 - 1). Suppose v = -v + 78. Let a = c + v. Calculate the greatest common divisor of 51 and a.
17
Suppose 5*t - 5*h + 11 = -4, -5*h = -4*t - 13. Let a be t + 7 + (-4 - -2). Let c be (-1)/(((-3)/(-99))/(-1)). What is the highest common divisor of a and c?
3
Let n = 110 + -106. What is the greatest common factor of 14 and n?
2
Suppose y - 2*y + 24 = 0. What is the greatest common divisor of 120 and y?
24
Suppose f = -0*f + 10. Suppose -5*b + 0*b + f = 2*y, 0 = -3*b - 2*y + 2. Let v(c) = 12*c - 6. Let d be v(b). What is the highest common factor of d and 6?
6
Suppose 0*f - 2*f = -24. Suppose -2*m + 8 = -f. Calculate the greatest common factor of 40 and m.
10
Let i(l) = 3*l**2 - l - 1. Let w be i(-1). Let a be (15/10)/(w/160). What is the greatest common factor of a and 16?
16
Let g(t) be the third derivative of 1/24*t**4 + 2/3*t**3 + 0*t + 0 + t**2. Let h be g(7). What is the greatest common factor of 22 and h?
11
Suppose -5*f + 2 = -4*f. Suppose f*q - 8 = q. Calculate the greatest common factor of 8 and q.
8
Let o(y) = 4*y**2 + 5*y - 5. Let w be o(5). Let t = 57 + -42. Calculate the greatest common divisor of w and t.
15
Let r be 5*-2*1/(-2). Suppose 0 = 3*q + 4*h - 721, -3*h + r*h = 4*q - 932. Let d = -125 + q. What is the greatest common factor of 10 and d?
10
Let d(c) = c**3 + 4*c**2 + 2*c - 1. Let u be d(-3). Suppose 18*q - 301 = 95. Calculate the highest common divisor of u and q.
2
Let q(l) = l**3 + 6*l**2 - 7*l. Let r be q(8). Suppose 0 = 5*y + 280 - r. What is the greatest common divisor of 14 and y?
14
Suppose -z + 95 = 5*i, 2*i + i - 155 = -2*z. Let d be -1*2*-13 - -2. Calculate the greatest common factor of d and z.
14
Suppose -2*d = -s - 2 - 35, d - 2*s = 20. What is the greatest common divisor of 36 and d?
18
Let z be (-3 - -44) + 3/1. Let m(b) = -2*b - 3. Let s be m(7). Let p = -6 - s. Calculate the highest common factor of z and p.
11
Let d be 3 - (3 - 2)*-229. Calculate the highest common divisor of d and 29.
29
Let l be (-2)/(-8) - (-142)/8. What is the highest common divisor of l and 144?
18
Suppose 4*f + 0 = -2*z + 20, 0 = -3*f - 3. Suppose 2*w - 356 = -0*w. Let m = w - 46. What is the highest common divisor of m and z?
12
Let c(s) = -s + 10. Let v be c(5). Suppose -v*l = -10*l + 10. Suppose 6 = 2*r + l, -5*f - r + 17 = 0. Calculate the highest common factor of 33 and f.
3
Let c be ((-7)/3)/((-2)/(-30)). Suppose 0*g - g = -2. Let h be (2 - c) + (g - 0). Calculate the highest common factor of h and 13.
13
Suppose 3*h - 204 = -3*h. What is the greatest common factor of 17 and h?
17
Suppose 5*l + 5 = 0, 5 = 3*w - w + l. Suppose -w*b = -b - 34. What is the highest common factor of 85 and b?
17
Let l be 399/(2 - -1) + 2. Suppose -2*a + 16 = -92. Calculate the highest common divisor of a and l.
27
Let s(f) = f**2 - 10*f - 17. Let m be s(14). Calculate the greatest common divisor of 156 and m.
39
Let b = -45 + 63. What is the greatest common factor of 63 and b?
9
Suppose -2*i - 2*l + 4 = -2, 3 = 2*i - l. Suppose -i*f + 31 = 7. Let u = 26 - f. Calculate the highest common divisor of 21 and u.
7
Let p(a) = -a**2 - 16*a + 17. Let h be p(-16). What is the greatest common factor of h and 34?
17
Suppose 4*i + 1 = 13. Suppose 18*o - 37 = -1. What is the highest common divisor of i and o?
1
Suppose 0 = -4*j + 8 + 20. Let s = -2 + j. Suppose -s*r = -2*c + 28 + 22, -r + 100 = 4*c. Calculate the highest common factor of c and 5.
5
Let i(n) = 2*n - 2. Let z = 1 - -2. Let q be i(z). Suppose -2*j = -3*j - 4*f - 8, -15 = 5*f. What is the highest common divisor of j and q?
4
Let d(c) = c - 2. Let o be d(4). Suppose m + o - 10 = 0. Calculate the highest common factor of m and 56.
8
Let t be 7 - ((-1)/1 - -3). Suppose 7*p - 135 = 4*p. Calculate the highest common divisor of p and t.
5
Let h(i) = 3*i**2 - 8*i - 14. Let w(c) = c**2 + c - 1. Let f(q) = h(q) - 4*w(q). Let b be f(-11). Calculate the highest common factor of 2 and b.
1
Suppose -102 = -2*f + 150. Calculate the greatest common factor of f and 84.
42
Let x be (-1041)/(-15) - (-15)/25. Calculate the greatest common factor of x and 14.
14
Let i be ((-3)/(-2))/(6/(-152)). Let z be (3 + 6)/((-3)/i). Calculate the highest common factor of z and 19.
19
Suppose -2*k - 78 = -4*c, -5*c + 95 = -8*k + 6*k. Calculate the greatest common divisor of 17 and c.
17
Let f be 0 + 1*51 - 1. Let g = -19 + 29. Calculate the highest common divisor of f and g.
10
Let d = 30 + -23. Let u = 24 + d. Calculate the highest common divisor of 279 and u.
31
Let p = 16 + 20. Calculate the highest common divisor of 90 and p.
18
Let j(f) = -2*f - 7. Suppose 2*z - 10 = -0*z, 5*h + 50 = z. Let d be j(h). Calculate the highest common divisor of 77 and d.
11
Let l(i) = 2*i**3 - 4*i**2 - 2*i + 4. Let r be l(3). Let j = -271 + 477. Suppose 0 = -5*z + 194 + j. What is the highest common divisor of z and r?
16
Let v = -176 + 179. What is the highest common divisor of 3 and v?
3
Let d(p) be the first derivative of -8*p + 9/2*p**2 - 1/3*p**3 + 4. Let g be d(6). Calculate the greatest common factor of 80 and g.
10
Let s = -17 + 31. Calculate the highest common factor of s and 2.
2
Let h(a) = 3*a + 3. Let c be h(-6). Let i = 27 + 20. Let y = c + i. Calculate the greatest common factor of 16 and y.
16
Suppose -3*a - 95 = -4*a. Let i(p) = -p**3 + 10*p**2 + 14*p + 5. Let x be i(11). Calculate the highest common divisor of x and a.
19
Let l be 0 + 0 + (3 - 0). Suppose h - 20 = -4*p, l*h = 4*p - 0*h - 20. Suppose -2*g + 24 = 2*d, -4 = -g - g. What is the highest common divisor of d and p?
5
Let d(h) = -h + 2. Let s be d(-7). Let w = -143 - -206. What is the greatest common divisor of w and s?
9
Let k(z) be the second derivative of -5*z**3/3 - z**2 + z. Suppose -4 + 16 = -4*h. Let v be k(h). What is the greatest common divisor of 4 and v?
4
Let d be (-2)/(-4)*6 + 1. Calculate the greatest common divisor of d and 12.
4
Let w be 8 - ((-2)/2 + 0). Let f = -13 + 40. Calculate the highest common divisor of f and w.
9
Suppose 4*j - f - 109 = -2*f, -3*j + 2*f = -90. Calculate the highest common factor of 7 and j.
7
Let i be (2 - (-46 + 3)) + 3. Calculate the greatest common factor of 16 and i.
16
Let j = 4 + -1. Suppose -3*r - 4*i - i = -107, -5*i + 39 = r. Suppose -5*m + 11 = -r. What is the highest common factor of m and j?
3
Suppose 3*s - 2*d = 4*s - 20, 65 = 2*s - d. Calculate the greatest common factor of s and 120.
30
Suppose -3*l - 195 = -7*l - 3*s, 4*s = -4*l + 196. What is the highest common divisor of 120 and l?
24
Suppose -9*g + 16*g = 210. Calculate the highest common factor of g and 150.
30
Let a(n) = 41*n + 1. Let t be a(1). Calculate the highest common divisor of 28 and t.
14
Suppose -2*b - d + 3 = -18, 3*b = -4*d + 19. Calculate the highest common divisor of b and 13.
13
Suppose 15*o = 574 + 551. Calculate the greatest common factor of 3 and o.
3
Suppose 0 = -5*r - f - 0*f + 11, -r = -5*f + 3. Let m = 5 - r. Suppose -24 = -m*s - s. What is the greatest common divisor of s and 9?
3
Suppose -2*p + 4*h = 2*p + 4, -5*h + 7 = -4*p. Let d(a) = a**3 - 8*a**2 + a + 6. Let b be d(8). What is the greatest common factor of p and b?
2
Let o = 57 + -41. Calculate the highest common divisor of 80 and o.
16
Let r be 2/(-4)*(10 + 0). Let q be (-5)/1*(-6)/r. Let n = q + 30. Calculate the greatest common factor of 8 and n.
8
Let d be (1 + 13 - 1)*1. What is the greatest common divisor of d and 13?
13
Suppose 69 + 41 = 5*h. Suppose 4*m - p - 401 = 215, -m = -p - 154. Calculate the greatest common factor of h and m.
22
Suppose w - 4 = 3*w. Let i(p) = -4*p**3 - 2*p**2 - 2. Let o be i(w). Let l(d) = 7*d - 1. Let h be l(8). What is the highest common factor of h and o?
11
Let q be (3/(-6))/(2/36*-1). What is the greatest common factor of 153 and q?
9
Suppose 5*g - 68 = g. Calculate the highest common divisor of g and 153.
17
Suppose 1040 = 8*a - 0*a. Calculate the greatest common factor of a and 26.
26
Suppose 110 = 21*v - 16*v. Calculate the greatest common factor of 22 and v.
22
Let p(k) = -4*k - 4. Let l be -5 + -4 - (-2 - 1). Le